 = -0*c + c + 1. Let t(r) = 12*r - 539. Let h be t(45). Calculate the greatest common factor of h and c.
1
Suppose 0 = -3*t + 192*j - 191*j + 158, -3*t - 2*j = -161. What is the highest common factor of 1696 and t?
53
Let s(v) = v + 13. Let c be s(4). Calculate the highest common divisor of c and 51.
17
Let w be (11/(-3)*1)/(5/60). Let j = w + 49. What is the highest common factor of j and 35?
5
Let q = -46 + 72. Calculate the greatest common divisor of q and 494.
26
Suppose -z + 1 + 11 = 0. Let t be (-9)/z + (-2)/16*-14. Let a be (-6)/(-4)*8/6. Calculate the highest common divisor of t and a.
1
Suppose -12 = -8*b - 4. Let n be (-76)/19 - -23*b. Calculate the greatest common factor of n and 38.
19
Let w = -7 + 31. Suppose 0 = 6*f - 3*f - 15. Suppose -f*u = 4*u - 216. What is the highest common factor of w and u?
24
Let i = 113 + -289. Let t = -159 - i. What is the highest common divisor of 34 and t?
17
Let r(t) = -t**2 + 6*t + 14. Let i be r(7). Calculate the highest common factor of i and 49.
7
Let k(m) = -m**3 + 45*m**2 + 148*m - 99. Let o be k(48). What is the greatest common factor of o and 217?
31
Let r(o) = -o**2 + 17*o + 18. Let y be r(15). Calculate the highest common divisor of y and 120.
24
Let f(v) = v**3 - 3*v**2 - 5*v - 4. Let j be ((-7)/14)/((-2)/20). Let w be f(j). What is the greatest common divisor of 3 and w?
3
Suppose 17550 = 70*u + 20*u. What is the highest common factor of u and 39?
39
Let m be 1521/24 + (-21)/56. Let j be -2*(0 - (-5)/2). Let u be ((-9)/j)/((-3)/(-15)). Calculate the greatest common factor of u and m.
9
Suppose 11*w - 15*w + 96 = 0. Suppose -5*m = -m + 92. Let u be m/(-6) + 4/w. What is the greatest common divisor of u and 6?
2
Let h(z) = -4*z. Let v be h(-5). Let o be (v/(-6) + 2)*-3. Suppose 4*x = -3*w + 315, -4*x + 7*x = o*w + 255. What is the greatest common divisor of x and 9?
9
Let i be 1/(-4) - 81/(-4). Let p be 0 + 0 + 27/9. Suppose -p*g + 117 = 27. Calculate the greatest common factor of i and g.
10
Let t be (-1 + 13)/(-17 + 18). Let n = 44 - t. Calculate the highest common factor of n and 48.
16
Let l(y) = y**3 + 9*y**2 - 14*y - 24. Let z be l(-10). Calculate the highest common factor of 272 and z.
16
Suppose -s + 5 = 0, 2*a + 2*a - 355 = s. What is the greatest common factor of 10 and a?
10
Suppose 3*b = -2*c + 255, -b = -237*c + 240*c - 365. What is the greatest common divisor of c and 285?
15
Let t(d) = 2*d**3 - 5*d**2 - 33*d + 111. Let q be t(8). What is the highest common divisor of q and 116?
29
Let r be 238/21*(-6)/4. Let x be -2 + -3 - -3 - r. Calculate the highest common factor of 105 and x.
15
Suppose 0 = -j + 3*v - 32, 3*j + 2*v + 88 = j. Let l = 10 - j. What is the highest common factor of 255 and l?
51
Let b(k) = -k**3 - 3*k**2 - k - 3. Let r be b(-3). Suppose -3*t = -3*m - 66, r = 4*t - 8*t + m + 100. Calculate the greatest common factor of t and 13.
13
Let g = -9 + 11. Suppose 85 = 3*i - 5*k, g*k = -2*k + 16. Suppose 3 - 31 = -2*a + 4*w, 3*w = -2*a + i. Calculate the greatest common factor of 128 and a.
16
Suppose -20*t + 32*t = 1008. What is the highest common factor of 6 and t?
6
Suppose -2*v = v - 78. Let p(r) = r**2 - 2*r + 4. Let y be p(7). What is the greatest common divisor of v and y?
13
Suppose 0 = s + 7 - 12. Suppose s*a - 2*l = 2*l + 163, 4*a - 3*l = 131. Suppose -i - 7 = -2*i. What is the greatest common factor of a and i?
7
Let j be (306/(-45))/((-1)/(-5)). Let b = 42 + j. What is the greatest common divisor of b and 88?
8
Let w be (-10)/(-2) + -3 - -142. Suppose y + y + 2*d - w = 0, -5*d - 10 = 0. Suppose y = -2*q + 284. What is the greatest common divisor of 42 and q?
21
Let z(y) = y - 7. Let u be z(14). Calculate the greatest common divisor of u and 28.
7
Let g = 3495 - 3483. Let d(z) = -11*z**3 - z**2. Let n be d(-2). What is the highest common divisor of g and n?
12
Let j(c) = c**3 - 11*c**2 + 31*c - 84. Let w be j(9). What is the highest common divisor of w and 2607?
33
Suppose b - 145 = -5*z - b, -3*z + 2*b = -103. What is the highest common factor of z and 961?
31
Let f = -242 - -370. Calculate the highest common factor of 16 and f.
16
Suppose 0 = 2*u + 5*k - 317, -u + 14*k - 13*k = -155. Let x be 40 + 2*(-3)/6. What is the highest common factor of x and u?
39
Let v be (0 - (-54)/4)*(-4)/3. Let n = 12 - v. Let s = -12 + 18. Calculate the highest common factor of s and n.
6
Let k = 35 - 31. Let n = 20 + k. What is the greatest common divisor of 16 and n?
8
Suppose -7*a = -6*a + 5, z - a - 56 = 0. What is the highest common divisor of z and 34?
17
Suppose 4*g = 16, -g - 3*g = 4*n - 36. Suppose 2*y + n*r = -1, -5*r + 2*r = -y + 16. What is the greatest common divisor of y and 49?
7
Let w = 74 - 69. Suppose -w*g + 2*z + 92 = -3, 4*g = -z + 63. What is the greatest common divisor of 187 and g?
17
Let z be (-4)/6 + (-248)/(-12). Let u = 1162 - 1112. Calculate the highest common divisor of u and z.
10
Let f be (1/((-3)/6) - -61) + -3. Let m = 74 - f. What is the highest common divisor of m and 6?
6
Let x = 1186 + -1148. Calculate the greatest common divisor of 931 and x.
19
Let m(y) = -2*y - 4. Suppose -15 = 6*v - 3*v. Let s be m(v). Let h(r) = 3*r - 10. Let z be h(s). What is the greatest common divisor of z and 16?
8
Suppose -h + m - 18785 = -5*h, 15 = 3*m. What is the highest common factor of h and 15?
15
Let f = 13 - -17. Suppose -2*s - 4*l = f - 96, 3*l = s - 38. Calculate the highest common divisor of 14 and s.
7
Suppose -1 - 25 = -l. Calculate the greatest common divisor of l and 130.
26
Suppose 98 = -13*q + 566. What is the greatest common divisor of q and 48?
12
Let i(g) = 10*g**2 - 25*g - 122. Let w be i(-4). Calculate the greatest common factor of w and 6.
6
Let g = -55 - -130. Let b be (-3)/((6/70)/(10/(-7))). What is the greatest common factor of b and g?
25
Let i be 10 + (-444)/(-42) + 8/(-14). Let x(q) = 0 - 5*q - 4 - 27*q. Let o be x(-7). Calculate the greatest common factor of o and i.
20
Suppose -4*j + 78 = -54. Let n = 64 + -29. Let z = n - 13. What is the highest common factor of z and j?
11
Suppose -843 - 405 = -6*z. Suppose 0 = -4*n + 112 + z. Calculate the highest common divisor of 16 and n.
16
Suppose 5*t = h - 40, 2*h - 24 = h + t. Calculate the highest common factor of 330 and h.
10
Let i(m) = 25*m + 29. Let s(q) = 76*q + 85. Let o(u) = -17*i(u) + 6*s(u). Let p be o(7). What is the highest common factor of p and 26?
26
Suppose -8*n - 4 = -7*n. Let c be n*(-1 - 4/(-16)). What is the greatest common divisor of 27 and c?
3
Suppose t - 5 + 0 = -v, 22 = 4*v + 5*t. Suppose f = -0*f - 2, -o + v*f = -10. Let d = o - -14. Calculate the greatest common divisor of 27 and d.
9
Let d be 44/10*(-5 + (-875)/(-14)). What is the greatest common factor of 11 and d?
11
Let n(f) = -30*f - 17. Let w = 109 + -114. Let o be n(w). What is the highest common factor of o and 19?
19
Let q = 76 - 46. Let f be (6/4)/(q/100). Suppose 0 = -5*y + f*g + 115, -y - 17 = -2*y - 2*g. Calculate the greatest common factor of y and 7.
7
Let j(n) = 162*n**2 - 2. Let o = 100 - 101. Let z be j(o). Calculate the highest common factor of 64 and z.
32
Let f = 956 - 930. What is the highest common divisor of 208 and f?
26
Let y(a) = a. Let k be y(-2). Let h = 0 - k. Let z = -16 + 18. Calculate the greatest common divisor of z and h.
2
Let m be -3 + 4 + -1 + 12 + (5 - 4). Let q = -1 - -2. What is the highest common factor of q and m?
1
Let r(a) = 4*a**2 - 6*a + 10. Let s be r(4). Suppose -2*z - s = -7*z. Calculate the highest common divisor of 90 and z.
10
Suppose -4*v + 8 = -296. What is the highest common divisor of 722 and v?
38
Let y be 4/((-4)/3 + 2). Suppose -u - y = -3*u, -3 = 3*c - 5*u. Calculate the greatest common factor of c and 4.
4
Let t = -21 + 36. Let x = 35 + t. Let v(z) = 13*z - 305. Let b be v(25). What is the greatest common divisor of x and b?
10
Let y = 37 + -32. Suppose -90 = -y*n + 20. What is the highest common factor of n and 2?
2
Let j be 1/(14/13 + -1). Suppose 48*g + 47*g - 113*g = -234. Calculate the greatest common divisor of j and g.
13
Let z be -10*4/(-5)*2/4. Suppose -z*a - 1 = -25. Calculate the greatest common factor of a and 12.
6
Let x = -1478 + 2126. Suppose -4*t + x = 4*t. What is the highest common divisor of t and 9?
9
Let r be (-2)/((-2 - 0)/